)/2 + (-27)/(-2).
11
Suppose -137*m + 1551 = -7628. Suppose -2*h - 17 + 87 = 0. Calculate the remainder when m is divided by h.
32
Calculate the remainder when (-3027)/((-11)/11) + -4*(-6)/(-4) is divided by 601.
16
Suppose 5*m = 7*m - 4. Suppose -2*j + 44 = m*j. What is the remainder when 30 is divided by j?
8
Suppose -3*p - 5*r = -0*p - 609, -r - 393 = -2*p. What is the remainder when p is divided by (-219)/(-27) - (3 - 234/81)?
6
Suppose 2*p - 120 + 642 = 0. Let n = -213 - p. Calculate the remainder when n is divided by 17.
14
Suppose -14*o = -10*o - 100. Suppose -s + o = 3*j, 4*j + 0*j = s - 25. Suppose -s = -l + 28. What is the remainder when l is divided by 18?
17
Suppose 0 = -2*m - 2*l - 906, -2*m + l + 2*l - 906 = 0. What is the remainder when (-4)/1 + (-47 - m) is divided by 29?
25
Let n = -161 + 221. Suppose 0 = 63*x - n*x - 57. What is the remainder when 36 is divided by x?
17
What is the remainder when 165 is divided by (-88346)/(-1141) - (-3)/(-7)?
11
Let f(i) = 3*i - 9. Let u(h) = 2*h**3 - 2*h**2 - 4*h + 26. Calculate the remainder when u(4) is divided by f(14).
7
Suppose 3*x + 0*x - 87 = 0. Let g be 85/(-5 + (-114)/(-24)). Let i = g + 348. Calculate the remainder when x is divided by i.
5
Let f(a) = -59*a - 4758. What is the remainder when f(-81) is divided by 7?
0
Suppose q - 4 = 2. Suppose 4*y = c + 149, -c = 11*y - 14*y + 111. Suppose 6*k = 134 - y. Calculate the remainder when k is divided by q.
4
Let h = 239 - 93. Suppose -26*n = -816 - h. What is the remainder when 100 is divided by n?
26
Suppose -3*d = -717 - 57. Calculate the remainder when d is divided by 249.
9
Suppose 2*p + p - 2040 = 5*x, 4*x + 1629 = 3*p. Let l = x - -424. Calculate the remainder when 50 is divided by l.
11
Let v(z) = 3*z**2 - 3*z - 45. Let g be v(7). Let p = 159 - g. What is the remainder when p is divided by 21?
15
Let s(h) = -42*h**2 + 2*h - 7. Let c be s(-4). Calculate the remainder when ((-2)/(-4)*-2)/(3/c) is divided by 46.
45
Suppose 3*b = 2*r + 1837 - 167, 0 = -4*b + 3*r + 2228. Suppose -5745 = -29*y - b. Calculate the remainder when y is divided by 11.
3
Let g(j) = j**2 + 2*j**3 + 2*j**2 + 11*j + 28*j**2 + 18 - 4*j**3 + j**3. Calculate the remainder when g(31) is divided by 19.
17
Let o be (-27)/((-6 - -3) + 2). Let k be (-1)/3 - 9/(o/(-70)). Suppose -4*l = -2*v - 74, l - 5*v = -6*v + k. Calculate the remainder when 53 is divided by l.
13
Let v = 12119 + -12099. Let m(o) = -o**3 + 6*o**2 - 4*o + 2. What is the remainder when v is divided by m(5)?
6
Suppose x + 0 = 6. Suppose -i = -2*a - 40, a - 185 = -5*i + x*a. Calculate the remainder when i is divided by (-124)/(-6) - 8/12.
14
Let m = 18506 + -18147. What is the remainder when 1092 is divided by m?
15
Let h(f) = -57 - 15 - 165*f + 183*f. Calculate the remainder when h(14) is divided by 46.
42
Suppose r - 2*r = -5*v + 64, 3*r = -3*v + 24. Let m = 142 + -58. Suppose 2*j - 4*w - m = 0, j + 4*w - 116 = -2*j. What is the remainder when j is divided by v?
4
Let x(s) be the second derivative of s**4/12 + s**3/6 - 3*s**2/2 + 5*s. Let m = -1 + 26. Calculate the remainder when m is divided by x(3).
7
Let x be (4 - (6 + -403)) + 0. Suppose -628 = -4*p + 4*w, -x = 5*p + 4*w - 1195. Calculate the remainder when p is divided by 49.
11
Let l = 75 + -72. Suppose -26*o + 24*o + 96 = b, -3*b = -l*o - 324. What is the remainder when b is divided by 55?
49
Suppose -2*r - 3*p - 495 = -6*r, 2*p = -4*r + 490. What is the remainder when 341 is divided by r?
95
Suppose 5*q + 7 - 12 = -h, -10 = 4*q - 2*h. Suppose q = 3*b - 19*b + 160. What is the remainder when 40 is divided by b?
0
Let p(h) = -h**3 - 7*h**2 + 8*h + 27. Suppose 4*k + m = -2*m - 41, m = 5*k + 37. What is the remainder when p(k) is divided by 13?
1
Suppose 274 - 94 = 4*h - 5*o, 0 = 5*o. What is the remainder when 285 is divided by h?
15
Suppose -3*x - v + 5*v = -16, 0 = 2*x - 5*v - 6. Suppose -x*l + 273 = -87. Let s = l - 41. What is the remainder when 15 is divided by s?
3
Let v(n) = 409*n**2 + 97*n + 101. What is the remainder when v(-1) is divided by 39?
23
Suppose 4*b + 5*i = 12, 5*b - 23 = -4*i - 8. What is the remainder when (-56)/(-84) + 694/b is divided by 13?
11
Let t(l) = -l**3 - 4*l**2 - l + 15. What is the remainder when t(-9) is divided by 43?
42
Let k = -9 + -28. Let s = k + 39. What is the remainder when 52 is divided by 54/1*1/s?
25
Let w(b) = -4*b + 3. Let i be w(-3). Let u(f) = -241*f - 17. Let p be u(-5). Suppose p = 3*x + i*x. Calculate the remainder when x is divided by 14.
10
Suppose 9 = y, 36*y - 33*y - 1647 = -5*t. What is the remainder when 3235 is divided by t?
319
Let o be (41 + -10)/(24/(-9) + 3). Suppose 0 = -3*f + 135 - o. Calculate the remainder when f is divided by (-16)/(-2) - (-1 - -1).
6
Let k(p) = p**2 - 25*p + 54. Suppose 555*x - 547*x = 16. Calculate the remainder when 300 is divided by k(x).
4
Let h(r) = 8*r**2 - 7*r - 2. Let y be h(5). Let t be 2/4 - y/(-2). Let q = -11 + t. What is the remainder when q is divided by 25?
21
Let n be 4 - (-27 - (-1 - 2)). Suppose 4*m + 5*z = 192, 68 + n = 2*m - 3*z. Let d = 61 - m. Calculate the remainder when 23 is divided by d.
10
Let o be (18/(-54))/((-2)/(-54)). Calculate the remainder when 139 is divided by o/(-2 - -11)*2*-5.
9
What is the remainder when 47 is divided by ((-33)/(-9) - 3)/(20/1410)?
0
Let l be 7890/(-5 - 1) - -3. What is the remainder when (l/10)/(16/(-40)) is divided by 55?
53
Let k = -55 + 126. Let s(p) = p + 4. Let y be s(14). Suppose 0 = 2*u - 5*t - y, -5*u - 11 + 102 = -t. What is the remainder when k is divided by u?
14
Let y(f) = 17*f - 38. Let r be y(4). Calculate the remainder when 10347/r - 10/(-100) is divided by 29.
26
Let i = -170 - -184. Suppose -i*a + 10 = -9*a. Suppose 0 = -3*j - 2*h + 1 + 2, 3*h - 3 = -4*j. What is the remainder when j is divided by a?
1
Suppose 11 = 6*b - 13. Suppose 28 = 4*j + b*t, -11 = -j - 0*j - 5*t. Let c(x) = x**2 - 6*x + 7. What is the remainder when 11 is divided by c(j)?
4
What is the remainder when 778 is divided by (-26)/143 + (1 - 1) + 68476/187?
46
Suppose 4*z - t = 303, 264*z - 266*z - t = -159. What is the remainder when 82 is divided by z?
5
Let x = -3099 + 6511. What is the remainder when x is divided by 7?
3
Suppose -o + 2*n + 130 = 0, 0 = 2*o + 4*n - 250 + 30. Suppose 6*h - 714 = o. What is the remainder when h is divided by 28?
27
Suppose -2*y = -28 - 4746. Suppose y + 434 = 7*i. What is the remainder when i is divided by 29?
26
Let l(m) = -m**2 + 19*m + 40. Let z be 6*-33*4/(-36). Let j be l(z). Let k = -2 - j. Calculate the remainder when 89 is divided by k.
17
Let z(a) = a**2 - 19*a + 67. Let m = 501 + -485. Calculate the remainder when 87 is divided by z(m).
11
Let o = -780 - -724. Calculate the remainder when (-55 - o)*(0 - -163) is divided by 53.
4
Suppose 2*j - 5010 = -28*j. Let k = 206 - j. What is the remainder when 75 is divided by k?
36
Let j = 16 - 13. What is the remainder when 71 is divided by ((-4)/4)/(j/(-138))?
25
Suppose -62 = 4*t - 3*i, 9*i + 64 = -4*t + 13*i. Calculate the remainder when 25 is divided by (13/2 - 7)*t.
4
Suppose -3*x + 8*x - 4*g = -4, -5 = -2*x - 5*g. Let c(j) be the first derivative of -j**2 + 4*j - 2. Calculate the remainder when c(x) is divided by 1.
0
Let y(a) = -a**3 - 10*a**2 - 9*a + 9. Let g be y(-9). Let s(b) = 0 - g*b - 8 + 13*b - 5*b**2 - b**3. Calculate the remainder when 30 is divided by s(-6).
2
Suppose -8 = -4*k + 12. Calculate the remainder when -4*(495/(-60) + -2) is divided by k.
1
Let c = 44 - 31. What is the remainder when 1/(-3)*(3 - (47 + -2)) is divided by c?
1
Suppose 3*i - 52*h + 50*h - 123 = 0, -3*i + 5*h = -123. What is the remainder when 733 is divided by i?
36
Suppose -10*v + 3844 = 1574. Calculate the remainder when v is divided by 219.
8
Suppose -15*x = -x - 3565 - 243. Calculate the remainder when 1001 is divided by x.
185
Suppose -68*q + 42889 - 30853 = 0. Calculate the remainder when q is divided by 110/3 + 2/(-3).
33
Suppose 5*z + 2198 = -4*y + 5458, 4*y + 3*z = 3252. Calculate the remainder when y is divided by 69.
51
Suppose -95*y = 62*y - 9420. What is the remainder when 2876 is divided by y?
56
Suppose 0 = -5*y + 7 + 18. Suppose -20 - 5 = y*x. Let l = -4 - x. Calculate the remainder when 4 is divided by l.
0
Let w be 18/(-7)*